 base 5
3
What is -58 (base 14) in base 8?
-116
What is 23 (base 6) in base 16?
f
What is -101 (base 2) in base 11?
-5
Convert -112 (base 5) to base 9.
-35
Convert -102 (base 7) to base 5.
-201
What is 0 (base 14) in base 16?
0
2 (base 7) to base 16
2
Convert 10 (base 4) to base 15.
4
Convert -1010111 (base 2) to base 6.
-223
13 (base 12) to base 14
11
What is 2 (base 14) in base 15?
2
-9a (base 14) to base 12
-b4
Convert 3 (base 10) to base 5.
3
What is -6 (base 15) in base 16?
-6
Convert 10101 (base 2) to base 7.
30
Convert 21 (base 16) to base 15.
23
4 (base 6) to base 4
10
What is -30 (base 4) in base 16?
-c
What is -3 (base 7) in base 15?
-3
-1020 (base 3) to base 5
-113
What is -2 (base 12) in base 13?
-2
1322 (base 4) to base 10
122
Convert -19 (base 11) to base 2.
-10100
What is -11 (base 3) in base 5?
-4
-77 (base 16) to base 6
-315
What is 102 (base 6) in base 5?
123
Convert -18a (base 14) to base 13.
-1b6
Convert 0 (base 11) to base 7.
0
Convert 32 (base 7) to base 13.
1a
0 (base 4) to base 2
0
What is 3322 (base 4) in base 8?
372
What is -2 (base 16) in base 6?
-2
231 (base 11) to base 10
276
What is -51 (base 8) in base 2?
-101001
10 (base 8) to base 6
12
What is 8 (base 15) in base 8?
10
Convert 7e (base 15) to base 8.
167
Convert -14 (base 16) to base 4.
-110
-17 (base 9) to base 16
-10
Convert 4 (base 15) to base 6.
4
-11 (base 3) to base 11
-4
What is -27 (base 15) in base 11?
-34
Convert -10 (base 16) to base 4.
-100
Convert 80 (base 12) to base 3.
10120
-100 (base 2) to base 4
-10
-3 (base 13) to base 8
-3
What is -10 (base 5) in base 6?
-5
Convert 325 (base 6) to base 3.
11122
-b (base 12) to base 9
-12
212 (base 6) to base 13
62
Convert 2 (base 3) to base 4.
2
9 (base 16) to base 12
9
-1 (base 7) to base 8
-1
What is -8 (base 10) in base 9?
-8
Convert -30 (base 6) to base 16.
-12
What is 9 (base 13) in base 5?
14
Convert 4 (base 16) to base 3.
11
What is 3 (base 11) in base 10?
3
Convert -1 (base 14) to base 5.
-1
Convert -65 (base 13) to base 10.
-83
-21 (base 15) to base 2
-11111
-3 (base 7) to base 10
-3
Convert 0 (base 6) to base 3.
0
3 (base 13) to base 4
3
-1030 (base 4) to base 2
-1001100
2a (base 12) to base 8
42
Convert 100 (base 2) to base 5.
4
-5 (base 9) to base 4
-11
What is 10101 (base 2) in base 10?
21
What is -3 (base 7) in base 2?
-11
Convert -11001 (base 2) to base 3.
-221
-8 (base 13) to base 10
-8
Convert 0 (base 9) to base 7.
0
-3 (base 12) to base 16
-3
-211 (base 9) to base 12
-124
-360 (base 8) to base 11
-1a9
Convert 10d (base 16) to base 4.
10031
-7c (base 14) to base 4
-1232
Convert -6 (base 8) to base 7.
-6
What is -317 (base 8) in base 12?
-153
Convert -10 (base 4) to base 16.
-4
What is 2b (base 14) in base 6?
103
Convert -2 (base 3) to base 5.
-2
-302 (base 5) to base 13
-5c
Convert 101 (base 2) to base 11.
5
9 (base 11) to base 8
11
-80 (base 14) to base 15
-77
Convert 20 (base 7) to base 13.
11
4 (base 8) to base 13
4
-5b (base 13) to base 15
-51
Convert 8 (base 13) to base 3.
22
Convert -185 (base 13) to base 8.
-426
What is 1 (base 9) in base 15?
1
Convert 6 (base 7) to base 12.
6
Convert -222 (base 10) to base 6.
-1010
0 (base 2) to base 13
0
0 (base 7) to base 3
0
-3003 (base 4) to base 10
-195
Convert 5 (base 8) to base 3.
12
-3 (base 5) to base 14
-3
What is -11000 (base 2) in base 8?
-30
What is 60 (base 12) in base 10?
72
Convert -10 (base 12) to base 6.
-20
-7 (base 16) to base 10
-7
What is 22 (base 14) in base 11?
28
What is -264 (base 7) in base 16?
-90
7 (base 14) to base 15
7
Convert 2c (base 16) to base 4.
230
-3111 (base 4) to base 12
-159
What is 101 (base 3) in base 2?
1010
What is 1 (base 15) in base 9?
1
What is 43 (base 12) in base 3?
1220
-321 (base 4) to base 7
-111
What is -22 (base 4) in base 7?
-13
Convert -114 (base 16) to base 12.
-1b0
-a (base 11) to base 16
-a
What is -5 (base 16) in base 13?
-5
What is -49 (base 10) in base 7?
-100
-1 (base 16) to base 7
-1
55 (base 15) to base 9
88
What is 124 (base 12) in base 8?
254
What is 1 (base 6) in base 14?
1
Convert 4 (base 8) to base 6.
4
Convert -1110011 (base 2) to base 10.
-115
Convert -10 (base 2) to base 12.
-2
-61 (base 11) to base 8
-103
Convert -1002 (base 3) to base 7.
-41
Convert -23 (base 8) to base 2.
-10011
6 (base 14) to base 2
110
Convert -62 (base 15) to base 8.
-134
What is -31 (base 5) in base 10?
-16
Convert 12 (base 16) to base 2.
10010
What is -13 (base 11) in base 2?
-1110
Convert -200 (base 3) to base 5.
-33
-115 (base 14) to base 15
-e5
-14 (base 10) to base 8
-16
What is 10011000 (base 2) in base 12?
108
Convert -2 (base 13) to base 9.
-2
5 (base 14) to base 15
5
Convert 143 (base 6) to base 15.
43
What is 8a (base 14) in base 4?
1322
What is 1 (base 10) in base 6?
1
Convert 3 (base 16) to base 7.
3
-88 (base 14) to base 16
-78
What is -24 (base 8) in base 7?
-26
69 (base 12) to base 13
63
Convert 1011 (base 2) to base 14.
b
Convert -133 (base 4) to base 10.
-31
Convert -20 (base 11) to base 10.
-22
Convert -366 (base 7) to base 15.
-d0
What is -1100 (base 2) in base 13?
-c
Convert 2 (base 9) to base 10.
2
What is 0 (base 16) in base 5?
0
3100 (base 4) to base 16
d0
Convert -2b (base 13) to base 10.
-37
What is -20 (base 5) in base 3?
-101
What is -111 (base 2) in base 11?
-7
Convert -1 (base 14) to base 12.
-1
What is aa (base 11) in base 8?
170
-2 (base 6) to base 15
-2
Convert -4 (base 9) to base 7.
-4
What is -31 (base 13) in base 11?
-37
Convert 2 (base 16) to base 15.
2
22 (base 9) to base 6
32
1 (base 4) to base 14
1
Convert 2 (base 14) to base 4.
2
1013 (base 4) to base 14
51
What is -221 (base 3) in base 13?
-1c
-2 (base 16) to base 4
-2
What is -2 (base 16) in base 6?
-2
What is 3 (base 16) in base 13?
3
What is 31 (base 6) in base 15?
14
Convert 81 (base 9) to base 12.
61
What is 7e (base 16) in base 2?
1111110
34 (base 7) to base 14
1b
Convert -4 (base 8) to base 11.
-4
Convert 1b (base 12) to base 11.
21
345 (base 6) to base 14
9b
What is -100 (base 6) in base 10?
-36
1001 (base 4) to base 5
230
Convert 47 (base 15) to base 12.
57
What is -80 (base 9) in base 7?
-132
Convert -100 (base 2) to base 16.
-4
What is -1 (base 8) in base 14?
-1
What is -73 (base 14) in base 16?
-65
-2 (base 10) to base 15
-2
Convert -2230 (base 5) to base 11.
-267
Convert -40 (base 5) to base 7.
-26
Convert 22 (base 10) to base 6.
34
What is -2210 (base 4) in base 9?
-202
-13 (base 10) to base 4
-31
Convert 12 (base 10) to base 6.
20
What is 11 (base 8) in base 15?
9
Convert 83 (base 15) to base 5.
443
What is 2 (base 4) in base 14?
2
What is -2b (base 13) in base 4?
-211
What is 14 (base 8) in base 2?
1100
What is 5 (base 6) in base 12?
5
What is -21 (base 14) in base 6?
-45
-11 (base 7) to base 6
-12
Convert -222 (base 3) to base 5.
-101
What is -2 (base 16) in base 14?
-2
What is 15 (base 13) in base 3?
200
135 (base 6) to base 5
214
3 (base 16) to base 6
3
-105 (base 9) to base 11
-79
1 (base 3) to base 10
1
What is -22 (base 9) in base 2?
-10100
What is -232 (base 4) in base 6?
-114
Convert -3 (base 12) to base 5.
-3
143 (base 10) to base 12
bb
-25 (base 15) to base 13
-29
Convert -29 (base 10) to base 3.
-1002
5f (base 16) to base 3
10112
What is 10 (base 8) in base 4?
20
What is 92 (base 12) in base 13?
86
Convert 77 (base 11) to base 2.
1010100
Convert 6 (base 8) to base 6.
10
What is -13 (base 6) in base 5?
-14
Convert 213 (base 6) to base 2.
1010001
What is 7 (base 15) in base 14?
7
15 (base 6) to base 12
b
What is -10 (base 16) in base 3?
-121
Convert 33 (base 7) to base 5.
44
Convert 1200 (base 3) to base 6.
113
What is -85 (base 10) in base 2?
-1010101
-2 (base 13) to base 9
-2
Convert -8 (base 10) to base 14.
-8
What is -232 (base 4) in base 14?
-34
2301 (base 4) to base 5
1202
11 (base 10) to base 7
14
What is 19 (base 14) in base 7?
32
What is 6 (base 16) in base 10?
6
Convert 3 (base 13) to base 10.
3
6 (base 7) to base 8
6
Convert -5 (base 7) to base 15.
-5
What is 13 (base 4) in base 3?
21
Convert 14 (base 5) to base 8.
11
What is 12 (base 12) in base 8?
16
What is 108 (base 12) in base 16?
98
Convert -121 (base 5) to base 16.
-24
-5 (base 15) to base 11
-5
What is 15 (base 10) in base 3?
120
Convert 7 (base 14) to base 9.
7
What is 3 (base 12) in base 2?
11
What is 11033 (base 